mainder when 358858 is divided by 15?
13
Calculate the remainder when 264285 is divided by 11727.
6291
What is the remainder when 218827 is divided by 3471?
154
What is the remainder when 740995 is divided by 123497?
13
What is the remainder when 5508678 is divided by 3057?
3021
What is the remainder when 7894967 is divided by 22052?
351
What is the remainder when 6421098 is divided by 204?
198
What is the remainder when 1257549 is divided by 462?
447
Calculate the remainder when 8958 is divided by 758.
620
What is the remainder when 4989711 is divided by 20449?
155
What is the remainder when 12024012 is divided by 3865?
3862
Calculate the remainder when 28054548 is divided by 14.
4
What is the remainder when 1044403 is divided by 262?
71
Calculate the remainder when 2541223 is divided by 635302.
15
Calculate the remainder when 2851930 is divided by 22.
4
Calculate the remainder when 129066 is divided by 665.
56
What is the remainder when 662502 is divided by 823?
810
Calculate the remainder when 7450129 is divided by 13.
11
What is the remainder when 73258694 is divided by 64262?
14
What is the remainder when 23969182 is divided by 97?
94
What is the remainder when 795851 is divided by 20?
11
Calculate the remainder when 3339645 is divided by 48.
45
What is the remainder when 13810726 is divided by 34?
28
What is the remainder when 4264289 is divided by 20?
9
What is the remainder when 56064 is divided by 2447?
2230
Calculate the remainder when 57753028 is divided by 39.
34
What is the remainder when 72572263 is divided by 32764?
3
Calculate the remainder when 761162 is divided by 1884.
26
Calculate the remainder when 176243147 is divided by 503.
498
Calculate the remainder when 2447719 is divided by 5219.
8
What is the remainder when 18476409 is divided by 51900?
9
Calculate the remainder when 132878152 is divided by 66439069.
14
What is the remainder when 16267 is divided by 180?
67
Calculate the remainder when 801451 is divided by 1198.
1187
What is the remainder when 6741979 is divided by 500?
479
What is the remainder when 8317 is divided by 52?
49
What is the remainder when 241871 is divided by 20151?
59
Calculate the remainder when 25431919 is divided by 84.
79
What is the remainder when 21593960 is divided by 139?
32
Calculate the remainder when 39450013 is divided by 3337.
3336
What is the remainder when 179977 is divided by 693?
490
What is the remainder when 20057362 is divided by 1313?
1287
What is the remainder when 4500367 is divided by 218?
193
Calculate the remainder when 163254 is divided by 8167.
8081
Calculate the remainder when 1471077 is divided by 98067.
72
Calculate the remainder when 50811448 is divided by 51.
46
What is the remainder when 498588 is divided by 3536?
12
Calculate the remainder when 262092 is divided by 131035.
22
Calculate the remainder when 34024857 is divided by 135.
132
What is the remainder when 4824723 is divided by 4824716?
7
Calculate the remainder when 7804443 is divided by 69.
60
Calculate the remainder when 1925346 is divided by 175030.
16
What is the remainder when 195294 is divided by 3?
0
What is the remainder when 2258632 is divided by 4964?
12
What is the remainder when 23404299 is divided by 79?
75
Calculate the remainder when 82073 is divided by 7399.
684
Calculate the remainder when 11275773 is divided by 12.
9
Calculate the remainder when 2736861 is divided by 9215.
6
Calculate the remainder when 12716695 is divided by 4238761.
412
What is the remainder when 236869 is divided by 5956?
4585
Calculate the remainder when 2766683 is divided by 24.
11
Calculate the remainder when 80422917 is divided by 26807639.
0
Calculate the remainder when 68821 is divided by 1010.
141
Calculate the remainder when 261276059 is divided by 102.
101
What is the remainder when 1038859 is divided by 236?
223
Calculate the remainder when 1091500 is divided by 1090247.
1253
What is the remainder when 696260 is divided by 232069?
53
Calculate the remainder when 402754626 is divided by 9.
0
What is the remainder when 206732 is divided by 1752?
1748
Calculate the remainder when 24443784 is divided by 47556.
0
Calculate the remainder when 7715277 is divided by 1285877.
15
Calculate the remainder when 7348715 is divided by 432272.
91
Calculate the remainder when 4930731 is divided by 133.
22
What is the remainder when 7983 is divided by 815?
648
What is the remainder when 1207017 is divided by 402337?
6
What is the remainder when 176303 is divided by 6524?
155
Calculate the remainder when 199767595 is divided by 2627.
7
Calculate the remainder when 87981892 is divided by 819.
817
What is the remainder when 949860 is divided by 4750?
4610
What is the remainder when 1018920 is divided by 130?
110
Calculate the remainder when 8115 is divided by 1072.
611
Calculate the remainder when 107564 is divided by 83.
79
Calculate the remainder when 93597 is divided by 123.
117
Calculate the remainder when 1711218 is divided by 6928.
2
What is the remainder when 7501186 is divided by 761?
9
Calculate the remainder when 97776987 is divided by 101.
99
Calculate the remainder when 37463 is divided by 7462.
153
Calculate the remainder when 8463625 is divided by 244.
241
What is the remainder when 42810373 is divided by 62?
55
What is the remainder when 32615394 is divided by 10871785?
39
Calculate the remainder when 7810049 is divided by 710003.
16
Calculate the remainder when 1717590 is divided by 3169.
3161
Calculate the remainder when 416896 is divided by 52105.
56
What is the remainder when 61849413 is divided by 26?
15
Calculate the remainder when 1111512 is divided by 369501.
3009
Calculate the remainder when 705123 is divided by 202.
143
Calculate the remainder when 89386061 is divided by 484.
457
Calculate the remainder when 29047 is divided by 5725.
422
Calculate the remainder when 3124051 is divided by 884.
879
What is the remainder when 18080463 is divided by 87769?
49
What is the remainder when 847097 is divided by 423535?
27
Calculate the remainder when 7494326 is divided by 373.
10
What is the remainder when 5344521 is divided by 80977?
39
What is the remainder when 28334206 is divided by 1524?
1522
Calculate the remainder when 1168175 is divided by 33.
8
What is the remainder when 28723199 is divided by 4675?
4674
What is the remainder when 41945 is divided by 652?
217
What is the remainder when 706973 is divided by 126?
113
Calculate the remainder when 28981111 is divided by 308309.
65
What is the remainder when 1212 is divided by 174?
168
Calculate the remainder when 28130635 is divided by 457.
0
Calculate the remainder when 1731018 is divided by 1591.
10
What is the remainder when 3555290 is divided by 5504?
5210
What is the remainder when 215122 is divided by 546?
544
Calculate the remainder when 98005 is divided by 1235.
440
What is the remainder when 987805 is divided by 92?
1
Calculate the remainder when 12011655 is divided by 12011647.
8
Calculate the remainder when 301173 is divided by 42931.
656
Calculate the remainder when 1382589 is divided by 166.
141
Calculate the remainder when 433424 is divided by 3902.
302
What is the remainder when 114561 is divided by 1181?
4
What is the remainder when 39457 is divided by 18946?
1565
Calculate the remainder when 5807644 is divided by 145191.
4
Calculate the remainder when 1282684 is divided by 2902.
0
Calculate the remainder when 5609849 is divided by 2206.
2197
Calculate the remainder when 81513 is divided by 2709.
243
Calculate the remainder when 188673 is divided by 2948.
1
Calculate the remainder when 707384 is divided by 706695.
689
What is the remainder when 196131 is divided by 6249?
2412
Calculate the remainder when 724956 is divided by 120815.
66
Calculate the remainder when 68741 is divided by 716.
5
What is the remainder when 1330328 is divided by 147813?
11
What is the remainder when 182256141 is divided by 626?
623
What is the remainder when 5081372 is divided by 12?
8
Calculate the remainder when 2900294 is divided by 17577.
89
What is the remainder when 4462 is divided by 314?
66
What is the remainder when 5737849 is divided by 160?
89
Calculate the remainder when 30469 is divided by 134.
51
Calculate the remainder when 361569 is divided by 110.
